{"id":3492,"date":"2023-11-22T22:41:01","date_gmt":"2023-11-22T21:41:01","guid":{"rendered":"https:\/\/infinitum.wowlatammk.com\/?page_id=3492"},"modified":"2023-11-29T23:03:35","modified_gmt":"2023-11-29T22:03:35","slug":"noticias","status":"publish","type":"page","link":"https:\/\/infinitum.wowlatammk.com\/index.php\/noticias\/","title":{"rendered":"Noticias"},"content":{"rendered":"\t\t<div data-elementor-type=\"wp-page\" data-elementor-id=\"3492\" class=\"elementor elementor-3492\" data-elementor-post-type=\"page\">\n\t\t\t\t\t\t\t<div class=\"elementor-element elementor-element-476ae97e e-flex e-con-boxed e-con e-parent\" data-id=\"476ae97e\" data-element_type=\"container\" data-settings=\"{&quot;background_background&quot;:&quot;classic&quot;,&quot;container_type&quot;:&quot;flex&quot;,&quot;content_width&quot;:&quot;boxed&quot;}\" data-e-bg-lazyload=\"\" data-core-v316-plus=\"true\">\n\t\t\t\t\t<div class=\"e-con-inner\">\n\t\t<div class=\"elementor-element elementor-element-690a9746 e-flex e-con-boxed e-con e-child\" data-id=\"690a9746\" data-element_type=\"container\" data-settings=\"{&quot;container_type&quot;:&quot;flex&quot;,&quot;content_width&quot;:&quot;boxed&quot;}\">\n\t\t\t\t\t<div class=\"e-con-inner\">\n\t\t\t\t<div class=\"elementor-element elementor-element-2b74e6e4 animated-slow eael-dual-header-content-align-center elementor-invisible elementor-widget elementor-widget-eael-dual-color-header\" data-id=\"2b74e6e4\" data-element_type=\"widget\" data-settings=\"{&quot;_animation&quot;:&quot;fadeInLeft&quot;,&quot;_animation_delay&quot;:200}\" data-widget_type=\"eael-dual-color-header.default\">\n\t\t\t\t<div class=\"elementor-widget-container\">\n\t\t\t\n\t\t        <div class=\"eael-dual-header\">\n\t\t\t\t<h1 class=\"title\"><span  class=\"lead solid-color\">Noticias<\/span> <span><\/span><\/h1>\n\t\t\t\t<span class=\"subtext\"><\/span>\n\t\t\t\t<\/div>\n\t\n\t\t\n\t\t\n\t\t\n\t\t\t\t<\/div>\n\t\t\t\t<\/div>\n\t\t\t\t\t<\/div>\n\t\t\t\t<\/div>\n\t\t\t\t\t<\/div>\n\t\t\t\t<\/div>\n\t\t<div class=\"elementor-element elementor-element-346c962d e-flex e-con-boxed e-con e-parent\" data-id=\"346c962d\" data-element_type=\"container\" data-settings=\"{&quot;container_type&quot;:&quot;flex&quot;,&quot;content_width&quot;:&quot;boxed&quot;}\" data-core-v316-plus=\"true\">\n\t\t\t\t\t<div class=\"e-con-inner\">\n\t\t\t\t<div class=\"elementor-element elementor-element-7adbdcd9 elementor-search-form-skin-dropbar elementor-widget elementor-widget-bdt-search\" data-id=\"7adbdcd9\" data-element_type=\"widget\" data-widget_type=\"bdt-search.default\">\n\t\t\t\t<div class=\"elementor-widget-container\">\n\t\t\t\t\t<div class=\"bdt-search-container\">\r\n\t\t\t\r\n\t\t\t\r\n\t\t<a class=\"bdt-search-toggle\" href=\"#\">\r\n\r\n\t\t\t<svg aria-hidden=\"true\" class=\"fa-fw e-font-icon-svg e-fas-search\" viewBox=\"0 0 512 512\" xmlns=\"http:\/\/www.w3.org\/2000\/svg\"><path d=\"M505 442.7L405.3 343c-4.5-4.5-10.6-7-17-7H372c27.6-35.3 44-79.7 44-128C416 93.1 322.9 0 208 0S0 93.1 0 208s93.1 208 208 208c48.3 0 92.7-16.4 128-44v16.3c0 6.4 2.5 12.5 7 17l99.7 99.7c9.4 9.4 24.6 9.4 33.9 0l28.3-28.3c9.4-9.4 9.4-24.6.1-34zM208 336c-70.7 0-128-57.2-128-128 0-70.7 57.2-128 128-128 70.7 0 128 57.2 128 128 0 70.7-57.2 128-128 128z\"><\/path><\/svg>\r\n\t\t<\/a>\r\n\t\t\t<div bdt-drop=\"{&quot;mode&quot;:&quot;click&quot;,&quot;pos&quot;:&quot;left-center&quot;,&quot;flip&quot;:&quot;x&quot;}\" class=\"bdt-drop\">\r\n\t\t\t\t<form class=\"bdt-search bdt-search-navbar bdt-width-1-1\" role=\"search\" method=\"get\" action=\"https:\/\/infinitum.wowlatammk.com\/\">\r\n\t\t\t\t\t<div class=\"bdt-position-relative\">\r\n\t\t\t\t\t\t\t\t\t\t\t\t\t\t\t\t\t\t\t<input name=\"post_type\" id=\"post_type\" type=\"hidden\" value=\"post\">\r\n\t\t\t\t\t\t\t\t\t\t\t\t<input placeholder=\"Buscar...\" class=\"bdt-search-input bdt-padding-small\" type=\"search\" name=\"s\" title=\"Search\" value=\"\" autofocus>\r\n\t\t\t\t\t<\/div>\r\n\r\n\t\t\t\t<\/form>\r\n\t\t\t<\/div>\r\n\r\n\t\t\t\t<\/div>\r\n\t\t\t\t<\/div>\n\t\t\t\t<\/div>\n\t\t\t\t<div class=\"elementor-element elementor-element-7d22f275 elementor-grid-eael-col-4 elementor-grid-tablet-eael-col-2 elementor-grid-mobile-eael-col-1 elementor-widget elementor-widget-eael-post-grid\" data-id=\"7d22f275\" data-element_type=\"widget\" data-settings=\"{&quot;eael_post_grid_columns&quot;:&quot;eael-col-4&quot;,&quot;eael_post_grid_columns_tablet&quot;:&quot;eael-col-2&quot;,&quot;eael_post_grid_columns_mobile&quot;:&quot;eael-col-1&quot;}\" data-widget_type=\"eael-post-grid.default\">\n\t\t\t\t<div class=\"elementor-widget-container\">\n\t\t\t<div id=\"eael-post-grid-7d22f275\" class=\"eael-post-grid-container\">\n            <div class=\"eael-post-grid eael-post-appender eael-post-appender-7d22f275 eael-post-grid-style-two\" data-layout-mode=\"masonry\"><article class=\"eael-grid-post eael-post-grid-column\" data-id=\"4618\">\n        <div class=\"eael-grid-post-holder\">\n            <div class=\"eael-grid-post-holder-inner\"><div class=\"eael-entry-media\"><div class=\"eael-entry-overlay slide-up\"><i class=\"fas fa-long-arrow-alt-right\" aria-hidden=\"true\"><\/i><a href=\"https:\/\/infinitum.wowlatammk.com\/index.php\/2023\/12\/12\/evento-secure-sd-wan\/\"><\/a><\/div><div class=\"eael-entry-thumbnail \">\n                                <img fetchpriority=\"high\" decoding=\"async\" width=\"1600\" height=\"1200\" src=\"https:\/\/infinitum.wowlatammk.com\/wp-content\/uploads\/2023\/12\/329569765_844247459975625_2318159714893632050_n-1.jpg\" class=\"attachment-full size-full wp-image-4620\" alt=\"\" srcset=\"https:\/\/infinitum.wowlatammk.com\/wp-content\/uploads\/2023\/12\/329569765_844247459975625_2318159714893632050_n-1.jpg 1600w, https:\/\/infinitum.wowlatammk.com\/wp-content\/uploads\/2023\/12\/329569765_844247459975625_2318159714893632050_n-1-300x225.jpg 300w, https:\/\/infinitum.wowlatammk.com\/wp-content\/uploads\/2023\/12\/329569765_844247459975625_2318159714893632050_n-1-1024x768.jpg 1024w, https:\/\/infinitum.wowlatammk.com\/wp-content\/uploads\/2023\/12\/329569765_844247459975625_2318159714893632050_n-1-768x576.jpg 768w, https:\/\/infinitum.wowlatammk.com\/wp-content\/uploads\/2023\/12\/329569765_844247459975625_2318159714893632050_n-1-1536x1152.jpg 1536w\" sizes=\"(max-width: 1600px) 100vw, 1600px\" \/>\n                              <\/div>\n                      <\/div><div class=\"eael-entry-wrapper\"><header class=\"eael-entry-header\"><h2 class=\"eael-entry-title\"><a\n                                    class=\"eael-grid-post-link\"\n                                    href=\"https:\/\/infinitum.wowlatammk.com\/index.php\/2023\/12\/12\/evento-secure-sd-wan\/\"\n                                    title=\"Evento SECURE SD-WAN\">Evento SECURE SD-WAN<\/a><\/h2><\/header><div class=\"eael-entry-header-after style-two\"><div class=\"eael-entry-meta\"><span class=\"eael-posted-on eael-meta-posted-on\"><i class=\"far fa-clock\"><\/i><time datetime=\"12 de December de 2023\">12 de December de 2023<\/time><\/span><\/div><\/div><div class=\"eael-entry-content\">\n                                    <div class=\"eael-grid-post-excerpt\"><p>El 2 de febrero del 2023 llevamos a cabo nuestro evento de lanzamiento de SECURE...<\/p><a\n                                        href=\"https:\/\/infinitum.wowlatammk.com\/index.php\/2023\/12\/12\/evento-secure-sd-wan\/\"\n                                        class=\"eael-post-elements-readmore-btn\">Leer m\u00e1s<\/a><\/div>\n                                <\/div><\/div><\/div>\n        <\/div>\n    <\/article><article class=\"eael-grid-post eael-post-grid-column\" data-id=\"3562\">\n        <div class=\"eael-grid-post-holder\">\n            <div class=\"eael-grid-post-holder-inner\"><div class=\"eael-entry-media\"><div class=\"eael-entry-overlay slide-up\"><i class=\"fas fa-long-arrow-alt-right\" aria-hidden=\"true\"><\/i><a href=\"https:\/\/infinitum.wowlatammk.com\/index.php\/2023\/11\/23\/it-now-tech-day\/\"><\/a><\/div><div class=\"eael-entry-thumbnail \">\n                                <img decoding=\"async\" width=\"1024\" height=\"768\" src=\"https:\/\/infinitum.wowlatammk.com\/wp-content\/uploads\/2023\/11\/portada2.png\" class=\"attachment-full size-full wp-image-3564\" alt=\"\" srcset=\"https:\/\/infinitum.wowlatammk.com\/wp-content\/uploads\/2023\/11\/portada2.png 1024w, https:\/\/infinitum.wowlatammk.com\/wp-content\/uploads\/2023\/11\/portada2-300x225.png 300w, https:\/\/infinitum.wowlatammk.com\/wp-content\/uploads\/2023\/11\/portada2-768x576.png 768w\" sizes=\"(max-width: 1024px) 100vw, 1024px\" \/>\n                              <\/div>\n                      <\/div><div class=\"eael-entry-wrapper\"><header class=\"eael-entry-header\"><h2 class=\"eael-entry-title\"><a\n                                    class=\"eael-grid-post-link\"\n                                    href=\"https:\/\/infinitum.wowlatammk.com\/index.php\/2023\/11\/23\/it-now-tech-day\/\"\n                                    title=\"\u00a0IT NOW TECH DAY\">\u00a0IT NOW TECH DAY<\/a><\/h2><\/header><div class=\"eael-entry-header-after style-two\"><div class=\"eael-entry-meta\"><span class=\"eael-posted-on eael-meta-posted-on\"><i class=\"far fa-clock\"><\/i><time datetime=\"23 de November de 2023\">23 de November de 2023<\/time><\/span><\/div><\/div><div class=\"eael-entry-content\">\n                                    <div class=\"eael-grid-post-excerpt\"><p>El 29 de junio, tuvimos el privilegio de participar como patrocinadores BRONCE en el evento...<\/p><a\n                                        href=\"https:\/\/infinitum.wowlatammk.com\/index.php\/2023\/11\/23\/it-now-tech-day\/\"\n                                        class=\"eael-post-elements-readmore-btn\">Leer m\u00e1s<\/a><\/div>\n                                <\/div><\/div><\/div>\n        <\/div>\n    <\/article><article class=\"eael-grid-post eael-post-grid-column\" data-id=\"3526\">\n        <div class=\"eael-grid-post-holder\">\n            <div class=\"eael-grid-post-holder-inner\"><div class=\"eael-entry-media\"><div class=\"eael-entry-overlay slide-up\"><i class=\"fas fa-long-arrow-alt-right\" aria-hidden=\"true\"><\/i><a href=\"https:\/\/infinitum.wowlatammk.com\/index.php\/2023\/11\/22\/evento-evolucion-pyme\/\"><\/a><\/div><div class=\"eael-entry-thumbnail \">\n                                <img decoding=\"async\" width=\"1200\" height=\"900\" src=\"https:\/\/infinitum.wowlatammk.com\/wp-content\/uploads\/2023\/11\/portada.png\" class=\"attachment-full size-full wp-image-3527\" alt=\"\" srcset=\"https:\/\/infinitum.wowlatammk.com\/wp-content\/uploads\/2023\/11\/portada.png 1200w, https:\/\/infinitum.wowlatammk.com\/wp-content\/uploads\/2023\/11\/portada-300x225.png 300w, https:\/\/infinitum.wowlatammk.com\/wp-content\/uploads\/2023\/11\/portada-1024x768.png 1024w, https:\/\/infinitum.wowlatammk.com\/wp-content\/uploads\/2023\/11\/portada-768x576.png 768w\" sizes=\"(max-width: 1200px) 100vw, 1200px\" \/>\n                              <\/div>\n                      <\/div><div class=\"eael-entry-wrapper\"><header class=\"eael-entry-header\"><h2 class=\"eael-entry-title\"><a\n                                    class=\"eael-grid-post-link\"\n                                    href=\"https:\/\/infinitum.wowlatammk.com\/index.php\/2023\/11\/22\/evento-evolucion-pyme\/\"\n                                    title=\"Evento EVOLUCI\u00d3N PYME\">Evento EVOLUCI\u00d3N PYME<\/a><\/h2><\/header><div class=\"eael-entry-header-after style-two\"><div class=\"eael-entry-meta\"><span class=\"eael-posted-on eael-meta-posted-on\"><i class=\"far fa-clock\"><\/i><time datetime=\"22 de November de 2023\">22 de November de 2023<\/time><\/span><\/div><\/div><div class=\"eael-entry-content\">\n                                    <div class=\"eael-grid-post-excerpt\"><p>El 24 de agosto participamos en el evento m\u00e1s grande para peque\u00f1as y medianas empresas...<\/p><a\n                                        href=\"https:\/\/infinitum.wowlatammk.com\/index.php\/2023\/11\/22\/evento-evolucion-pyme\/\"\n                                        class=\"eael-post-elements-readmore-btn\">Leer m\u00e1s<\/a><\/div>\n                                <\/div><\/div><\/div>\n        <\/div>\n    <\/article><article class=\"eael-grid-post eael-post-grid-column\" data-id=\"3498\">\n        <div class=\"eael-grid-post-holder\">\n            <div class=\"eael-grid-post-holder-inner\"><div class=\"eael-entry-media\"><div class=\"eael-entry-overlay slide-up\"><i class=\"fas fa-long-arrow-alt-right\" aria-hidden=\"true\"><\/i><a href=\"https:\/\/infinitum.wowlatammk.com\/index.php\/2023\/11\/22\/conferencia-interamericana-de-contabilidad\/\"><\/a><\/div><div class=\"eael-entry-thumbnail \">\n                                <img loading=\"lazy\" decoding=\"async\" width=\"1200\" height=\"1600\" src=\"https:\/\/infinitum.wowlatammk.com\/wp-content\/uploads\/2023\/11\/23854f8e-2369-4b27-940b-fd5e8954bd8e.jpeg\" class=\"attachment-full size-full wp-image-3500\" alt=\"\" srcset=\"https:\/\/infinitum.wowlatammk.com\/wp-content\/uploads\/2023\/11\/23854f8e-2369-4b27-940b-fd5e8954bd8e.jpeg 1200w, https:\/\/infinitum.wowlatammk.com\/wp-content\/uploads\/2023\/11\/23854f8e-2369-4b27-940b-fd5e8954bd8e-225x300.jpeg 225w, https:\/\/infinitum.wowlatammk.com\/wp-content\/uploads\/2023\/11\/23854f8e-2369-4b27-940b-fd5e8954bd8e-768x1024.jpeg 768w, https:\/\/infinitum.wowlatammk.com\/wp-content\/uploads\/2023\/11\/23854f8e-2369-4b27-940b-fd5e8954bd8e-1152x1536.jpeg 1152w\" sizes=\"(max-width: 1200px) 100vw, 1200px\" \/>\n                              <\/div>\n                      <\/div><div class=\"eael-entry-wrapper\"><header class=\"eael-entry-header\"><h2 class=\"eael-entry-title\"><a\n                                    class=\"eael-grid-post-link\"\n                                    href=\"https:\/\/infinitum.wowlatammk.com\/index.php\/2023\/11\/22\/conferencia-interamericana-de-contabilidad\/\"\n                                    title=\"Conferencia interamericana de Contabilidad\">Conferencia interamericana de Contabilidad<\/a><\/h2><\/header><div class=\"eael-entry-header-after style-two\"><div class=\"eael-entry-meta\"><span class=\"eael-posted-on eael-meta-posted-on\"><i class=\"far fa-clock\"><\/i><time datetime=\"22 de November de 2023\">22 de November de 2023<\/time><\/span><\/div><\/div><div class=\"eael-entry-content\">\n                                    <div class=\"eael-grid-post-excerpt\"><p>El 7 de noviembre, tuvimos el honor de participar como patrocinadores bronce en la XXXV...<\/p><a\n                                        href=\"https:\/\/infinitum.wowlatammk.com\/index.php\/2023\/11\/22\/conferencia-interamericana-de-contabilidad\/\"\n                                        class=\"eael-post-elements-readmore-btn\">Leer m\u00e1s<\/a><\/div>\n                                <\/div><\/div><\/div>\n        <\/div>\n    <\/article><\/div>\n            <div class=\"clearfix\"><\/div>\n        <\/div>\t\t<\/div>\n\t\t\t\t<\/div>\n\t\t\t\t\t<\/div>\n\t\t\t\t<\/div>\n\t\t\t\t\t\t\t<\/div>\n\t\t","protected":false},"excerpt":{"rendered":"<p>Noticias \u00a0IT NOW TECH DAY 23 de noviembre de 2023 El 29 de junio, tuvimos el privilegio de participar como patrocinadores BRONCE en el evento&#8230; Leer m\u00e1s Evento EVOLUCI\u00d3N PYME 22 de noviembre de 2023 El 24 de agosto participamos en el evento m\u00e1s grande para peque\u00f1as y medianas empresas&#8230; Leer m\u00e1s Conferencia interamericana de &hellip;<\/p>\n<p class=\"read-more\"> <a class=\"\" href=\"https:\/\/infinitum.wowlatammk.com\/index.php\/2023\/11\/22\/conferencia-interamericana-de-contabilidad\/\"> <span class=\"screen-reader-text\">Conferencia interamericana de Contabilidad<\/span> Read More &raquo;<\/a><\/p>\n","protected":false},"author":1,"featured_media":0,"parent":0,"menu_order":0,"comment_status":"closed","ping_status":"closed","template":"","meta":{"site-sidebar-layout":"no-sidebar","site-content-layout":"","ast-site-content-layout":"full-width-container","site-content-style":"default","site-sidebar-style":"default","ast-global-header-display":"","ast-banner-title-visibility":"","ast-main-header-display":"","ast-hfb-above-header-display":"","ast-hfb-below-header-display":"","ast-hfb-mobile-header-display":"","site-post-title":"disabled","ast-breadcrumbs-content":"","ast-featured-img":"disabled","footer-sml-layout":"","theme-transparent-header-meta":"","adv-header-id-meta":"","stick-header-meta":"","header-above-stick-meta":"","header-main-stick-meta":"","header-below-stick-meta":"","astra-migrate-meta-layouts":"","footnotes":""},"class_list":["post-3492","page","type-page","status-publish","hentry"],"yoast_head":"<!-- This site is optimized with the Yoast SEO plugin v21.7 - https:\/\/yoast.com\/wordpress\/plugins\/seo\/ -->\n<title>Noticias - Infinitum<\/title>\n<meta name=\"robots\" content=\"index, follow, max-snippet:-1, max-image-preview:large, max-video-preview:-1\" \/>\n<link rel=\"canonical\" href=\"https:\/\/infinitum.wowlatammk.com\/index.php\/noticias\/\" \/>\n<meta property=\"og:locale\" content=\"en_US\" \/>\n<meta property=\"og:type\" content=\"article\" \/>\n<meta property=\"og:title\" content=\"Noticias - Infinitum\" \/>\n<meta property=\"og:description\" content=\"Noticias \u00a0IT NOW TECH DAY 23 de noviembre de 2023 El 29 de junio, tuvimos el privilegio de participar como patrocinadores BRONCE en el evento&#8230; Leer m\u00e1s Evento EVOLUCI\u00d3N PYME 22 de noviembre de 2023 El 24 de agosto participamos en el evento m\u00e1s grande para peque\u00f1as y medianas empresas&#8230; Leer m\u00e1s Conferencia interamericana de &hellip; Conferencia interamericana de Contabilidad Read More &raquo;\" \/>\n<meta property=\"og:url\" content=\"https:\/\/infinitum.wowlatammk.com\/index.php\/noticias\/\" \/>\n<meta property=\"og:site_name\" content=\"Infinitum\" \/>\n<meta property=\"article:publisher\" content=\"https:\/\/www.facebook.com\/tuinternetinteligente\" \/>\n<meta property=\"article:modified_time\" content=\"2023-11-29T22:03:35+00:00\" \/>\n<meta property=\"og:image\" content=\"https:\/\/infinitum.wowlatammk.com\/wp-content\/uploads\/2023\/11\/portada2.png\" \/>\n<meta name=\"twitter:card\" content=\"summary_large_image\" \/>\n<meta name=\"twitter:label1\" content=\"Est. reading time\" \/>\n\t<meta name=\"twitter:data1\" content=\"1 minute\" \/>\n<script type=\"application\/ld+json\" class=\"yoast-schema-graph\">{\"@context\":\"https:\/\/schema.org\",\"@graph\":[{\"@type\":\"WebPage\",\"@id\":\"https:\/\/infinitum.wowlatammk.com\/index.php\/noticias\/\",\"url\":\"https:\/\/infinitum.wowlatammk.com\/index.php\/noticias\/\",\"name\":\"Noticias - Infinitum\",\"isPartOf\":{\"@id\":\"https:\/\/infinitum.wowlatammk.com\/#website\"},\"datePublished\":\"2023-11-22T21:41:01+00:00\",\"dateModified\":\"2023-11-29T22:03:35+00:00\",\"breadcrumb\":{\"@id\":\"https:\/\/infinitum.wowlatammk.com\/index.php\/noticias\/#breadcrumb\"},\"inLanguage\":\"en-US\",\"potentialAction\":[{\"@type\":\"ReadAction\",\"target\":[\"https:\/\/infinitum.wowlatammk.com\/index.php\/noticias\/\"]}]},{\"@type\":\"BreadcrumbList\",\"@id\":\"https:\/\/infinitum.wowlatammk.com\/index.php\/noticias\/#breadcrumb\",\"itemListElement\":[{\"@type\":\"ListItem\",\"position\":1,\"name\":\"Portada\",\"item\":\"https:\/\/infinitum.wowlatammk.com\/\"},{\"@type\":\"ListItem\",\"position\":2,\"name\":\"Noticias\"}]},{\"@type\":\"WebSite\",\"@id\":\"https:\/\/infinitum.wowlatammk.com\/#website\",\"url\":\"https:\/\/infinitum.wowlatammk.com\/\",\"name\":\"Infinitum\",\"description\":\"Somos una empresa que cuenta con un equipo de trabajo que tiene m\u00e1s de 25 a\u00f1os de experiencia en las \u00e1reas de telecomunicaciones \",\"publisher\":{\"@id\":\"https:\/\/infinitum.wowlatammk.com\/#organization\"},\"potentialAction\":[{\"@type\":\"SearchAction\",\"target\":{\"@type\":\"EntryPoint\",\"urlTemplate\":\"https:\/\/infinitum.wowlatammk.com\/?s={search_term_string}\"},\"query-input\":\"required name=search_term_string\"}],\"inLanguage\":\"en-US\"},{\"@type\":\"Organization\",\"@id\":\"https:\/\/infinitum.wowlatammk.com\/#organization\",\"name\":\"Infinitum\",\"url\":\"https:\/\/infinitum.wowlatammk.com\/\",\"logo\":{\"@type\":\"ImageObject\",\"inLanguage\":\"en-US\",\"@id\":\"https:\/\/infinitum.wowlatammk.com\/#\/schema\/logo\/image\/\",\"url\":\"https:\/\/infinitum.wowlatammk.com\/wp-content\/uploads\/2023\/09\/Logo_infinitum_Home.png\",\"contentUrl\":\"https:\/\/infinitum.wowlatammk.com\/wp-content\/uploads\/2023\/09\/Logo_infinitum_Home.png\",\"width\":270,\"height\":72,\"caption\":\"Infinitum\"},\"image\":{\"@id\":\"https:\/\/infinitum.wowlatammk.com\/#\/schema\/logo\/image\/\"},\"sameAs\":[\"https:\/\/www.facebook.com\/tuinternetinteligente\",\"https:\/\/www.instagram.com\/infinitum_gt\/\"]}]}<\/script>\n<!-- \/ Yoast SEO plugin. -->","yoast_head_json":{"title":"Noticias - Infinitum","robots":{"index":"index","follow":"follow","max-snippet":"max-snippet:-1","max-image-preview":"max-image-preview:large","max-video-preview":"max-video-preview:-1"},"canonical":"https:\/\/infinitum.wowlatammk.com\/index.php\/noticias\/","og_locale":"en_US","og_type":"article","og_title":"Noticias - Infinitum","og_description":"Noticias \u00a0IT NOW TECH DAY 23 de noviembre de 2023 El 29 de junio, tuvimos el privilegio de participar como patrocinadores BRONCE en el evento&#8230; Leer m\u00e1s Evento EVOLUCI\u00d3N PYME 22 de noviembre de 2023 El 24 de agosto participamos en el evento m\u00e1s grande para peque\u00f1as y medianas empresas&#8230; Leer m\u00e1s Conferencia interamericana de &hellip; Conferencia interamericana de Contabilidad Read More &raquo;","og_url":"https:\/\/infinitum.wowlatammk.com\/index.php\/noticias\/","og_site_name":"Infinitum","article_publisher":"https:\/\/www.facebook.com\/tuinternetinteligente","article_modified_time":"2023-11-29T22:03:35+00:00","og_image":[{"url":"https:\/\/infinitum.wowlatammk.com\/wp-content\/uploads\/2023\/11\/portada2.png"}],"twitter_card":"summary_large_image","twitter_misc":{"Est. reading time":"1 minute"},"schema":{"@context":"https:\/\/schema.org","@graph":[{"@type":"WebPage","@id":"https:\/\/infinitum.wowlatammk.com\/index.php\/noticias\/","url":"https:\/\/infinitum.wowlatammk.com\/index.php\/noticias\/","name":"Noticias - Infinitum","isPartOf":{"@id":"https:\/\/infinitum.wowlatammk.com\/#website"},"datePublished":"2023-11-22T21:41:01+00:00","dateModified":"2023-11-29T22:03:35+00:00","breadcrumb":{"@id":"https:\/\/infinitum.wowlatammk.com\/index.php\/noticias\/#breadcrumb"},"inLanguage":"en-US","potentialAction":[{"@type":"ReadAction","target":["https:\/\/infinitum.wowlatammk.com\/index.php\/noticias\/"]}]},{"@type":"BreadcrumbList","@id":"https:\/\/infinitum.wowlatammk.com\/index.php\/noticias\/#breadcrumb","itemListElement":[{"@type":"ListItem","position":1,"name":"Portada","item":"https:\/\/infinitum.wowlatammk.com\/"},{"@type":"ListItem","position":2,"name":"Noticias"}]},{"@type":"WebSite","@id":"https:\/\/infinitum.wowlatammk.com\/#website","url":"https:\/\/infinitum.wowlatammk.com\/","name":"Infinitum","description":"Somos una empresa que cuenta con un equipo de trabajo que tiene m\u00e1s de 25 a\u00f1os de experiencia en las \u00e1reas de telecomunicaciones ","publisher":{"@id":"https:\/\/infinitum.wowlatammk.com\/#organization"},"potentialAction":[{"@type":"SearchAction","target":{"@type":"EntryPoint","urlTemplate":"https:\/\/infinitum.wowlatammk.com\/?s={search_term_string}"},"query-input":"required name=search_term_string"}],"inLanguage":"en-US"},{"@type":"Organization","@id":"https:\/\/infinitum.wowlatammk.com\/#organization","name":"Infinitum","url":"https:\/\/infinitum.wowlatammk.com\/","logo":{"@type":"ImageObject","inLanguage":"en-US","@id":"https:\/\/infinitum.wowlatammk.com\/#\/schema\/logo\/image\/","url":"https:\/\/infinitum.wowlatammk.com\/wp-content\/uploads\/2023\/09\/Logo_infinitum_Home.png","contentUrl":"https:\/\/infinitum.wowlatammk.com\/wp-content\/uploads\/2023\/09\/Logo_infinitum_Home.png","width":270,"height":72,"caption":"Infinitum"},"image":{"@id":"https:\/\/infinitum.wowlatammk.com\/#\/schema\/logo\/image\/"},"sameAs":["https:\/\/www.facebook.com\/tuinternetinteligente","https:\/\/www.instagram.com\/infinitum_gt\/"]}]}},"_links":{"self":[{"href":"https:\/\/infinitum.wowlatammk.com\/index.php\/wp-json\/wp\/v2\/pages\/3492","targetHints":{"allow":["GET"]}}],"collection":[{"href":"https:\/\/infinitum.wowlatammk.com\/index.php\/wp-json\/wp\/v2\/pages"}],"about":[{"href":"https:\/\/infinitum.wowlatammk.com\/index.php\/wp-json\/wp\/v2\/types\/page"}],"author":[{"embeddable":true,"href":"https:\/\/infinitum.wowlatammk.com\/index.php\/wp-json\/wp\/v2\/users\/1"}],"replies":[{"embeddable":true,"href":"https:\/\/infinitum.wowlatammk.com\/index.php\/wp-json\/wp\/v2\/comments?post=3492"}],"version-history":[{"count":37,"href":"https:\/\/infinitum.wowlatammk.com\/index.php\/wp-json\/wp\/v2\/pages\/3492\/revisions"}],"predecessor-version":[{"id":4095,"href":"https:\/\/infinitum.wowlatammk.com\/index.php\/wp-json\/wp\/v2\/pages\/3492\/revisions\/4095"}],"wp:attachment":[{"href":"https:\/\/infinitum.wowlatammk.com\/index.php\/wp-json\/wp\/v2\/media?parent=3492"}],"curies":[{"name":"wp","href":"https:\/\/api.w.org\/{rel}","templated":true}]}}